{"id":628,"date":"2020-04-28T10:45:04","date_gmt":"2020-04-28T10:45:04","guid":{"rendered":"https:\/\/elmolindelapedrera.com\/?page_id=628"},"modified":"2026-01-15T13:31:15","modified_gmt":"2026-01-15T13:31:15","slug":"2020-mcd","status":"publish","type":"page","link":"https:\/\/elmolindelapedrera.com\/","title":{"rendered":"El Molin de la Pedrera Restaurante en Cangas de Onis"},"content":{"rendered":"<p>[et_pb_section fb_built=\u00bb1&#8243; fullwidth=\u00bbon\u00bb disabled_on=\u00bboff|off|off\u00bb admin_label=\u00bbServicio de comidas en Cangas de On\u00eds\u00bb _builder_version=\u00bb4.17.4&#8243; background_color=\u00bb#1e1e1e\u00bb background_image=\u00bbhttps:\/\/elmolindelapedrera.com\/wp-content\/uploads\/2018\/04\/IMG_0595-1-e1524908508548.jpg\u00bb custom_padding=\u00bb|||\u00bb transparent_background=\u00bbon\u00bb collapsed=\u00bbon\u00bb global_colors_info=\u00bb{}\u00bb][et_pb_fullwidth_header title=\u00bbEl Mol\u00edn de la Pedrera\u00bb subhead=\u00bbCangas de On\u00eds \u00bb background_overlay_color=\u00bbrgba(31,31,31,0.85)\u00bb button_two_text_phone=\u00bb684 611 392&#8243; button_two_text_last_edited=\u00bboff|desktop\u00bb admin_label=\u00bbRestaurante El Molin de la Pedrera\u00bb _builder_version=\u00bb4.17.4&#8243; title_font=\u00bbPlayfair Display||||\u00bb title_text_color=\u00bb#ffffff\u00bb title_font_size=\u00bb62px\u00bb title_line_height=\u00bb1.3em\u00bb content_font=\u00bbMontserrat||||\u00bb content_text_color=\u00bb#bfbfbf\u00bb content_font_size=\u00bb19px\u00bb content_line_height=\u00bb1.8em\u00bb subhead_font=\u00bbMontserrat||||\u00bb subhead_text_color=\u00bb#e02b20&#8243; subhead_font_size=\u00bb30px\u00bb subhead_line_height=\u00bb1.8em\u00bb background_color=\u00bbrgba(255, 255, 255, 0)\u00bb background_image=\u00bbhttps:\/\/elmolindelapedrera.com\/wp-content\/uploads\/2018\/04\/IMG_7726-e1524842363453.jpg\u00bb background_enable_image=\u00bboff\u00bb background_blend=\u00bblighten\u00bb button_one_rel=\u00bboff|off|off|off|on\u00bb custom_button_two=\u00bbon\u00bb button_two_text_size=\u00bb22px\u00bb button_two_text_color=\u00bb#000000&#8243; button_two_bg_color=\u00bb#e09900&#8243; button_two_border_color=\u00bb#c39d63&#8243; button_two_border_radius=\u00bb0px\u00bb button_two_letter_spacing=\u00bb1px\u00bb button_two_font=\u00bbAdamina|700||on|||||\u00bb button_two_use_icon=\u00bboff\u00bb button_two_rel=\u00bboff|off|off|off|on\u00bb max_width_tablet=\u00bb50px\u00bb custom_margin=\u00bb|||\u00bb custom_padding=\u00bb5%||5%|\u00bb animation_style=\u00bbzoom\u00bb animation_duration=\u00bb1500ms\u00bb animation_intensity_zoom=\u00bb4%\u00bb title_line_height_last_edited=\u00bboff|desktop\u00bb button_one_border_radius_hover=\u00bb0px\u00bb button_one_letter_spacing_hover=\u00bb1px\u00bb button_two_letter_spacing_hover=\u00bb1px\u00bb global_module=\u00bb726&#8243; saved_tabs=\u00bball\u00bb global_colors_info=\u00bb{}\u00bb button_one_text_size__hover_enabled=\u00bboff\u00bb button_two_text_size__hover_enabled=\u00bboff\u00bb button_one_text_color__hover_enabled=\u00bboff\u00bb button_two_text_color__hover_enabled=\u00bboff\u00bb button_one_border_width__hover_enabled=\u00bboff\u00bb button_two_border_width__hover_enabled=\u00bboff\u00bb button_one_border_color__hover_enabled=\u00bboff\u00bb button_two_border_color__hover_enabled=\u00bboff\u00bb button_one_border_radius__hover_enabled=\u00bbon\u00bb button_one_border_radius__hover=\u00bb0px\u00bb button_two_border_radius__hover_enabled=\u00bboff\u00bb button_one_letter_spacing__hover_enabled=\u00bbon\u00bb button_one_letter_spacing__hover=\u00bb1px\u00bb button_two_letter_spacing__hover_enabled=\u00bbon\u00bb button_two_letter_spacing__hover=\u00bb1px\u00bb button_one_bg_color__hover_enabled=\u00bboff\u00bb button_two_bg_color__hover_enabled=\u00bboff\u00bb]<\/p>\n<p><strong>RESTAURANTE\u00a0<\/strong><\/p>\n<p><strong>Asturias<\/strong><\/p>\n<h3><strong><a href=\"https:\/\/elmolindelapedrera.com\/index.php\/reservar-mesa-restaurante-el-molin-de-la-pedrera\/\" title=\"Reservar mesa en el restaurante El Mol\u00edn de la Pedrera\">Reservar mesa<\/a><\/strong><\/h3>\n<p><strong>&#8230;<\/strong><\/p>\n<h3><\/h3>\n<p>[\/et_pb_fullwidth_header][\/et_pb_section][et_pb_section fb_built=\u00bb1&#8243; _builder_version=\u00bb4.17.4&#8243; global_colors_info=\u00bb{}\u00bb][et_pb_row _builder_version=\u00bb4.24.2&#8243; _module_preset=\u00bbdefault\u00bb global_colors_info=\u00bb{}\u00bb][et_pb_column type=\u00bb4_4&#8243; _builder_version=\u00bb4.24.2&#8243; _module_preset=\u00bbdefault\u00bb global_colors_info=\u00bb{}\u00bb][et_pb_code _builder_version=\u00bb4.24.2&#8243; _module_preset=\u00bbdefault\u00bb hover_enabled=\u00bb0&#8243; global_colors_info=\u00bb{}\u00bb sticky_enabled=\u00bb0&#8243;]<script src=\"https:\/\/www.restaurantic.es\/assets\/plugins\/iframe-resizer\/iframeResizer.min.js\"><\/script><!-- [et_pb_line_break_holder] --><iframe src=\"https:\/\/www.restaurantic.es\/integraciones\/index.php?hash=b6222943-cd53-4063-9ad5-59fb980147b7\" width=\"100%\" onload=\"iFrameResize();\" style=\"border: none;\"><\/iframe>[\/et_pb_code][\/et_pb_column][\/et_pb_row][\/et_pb_section][et_pb_section fb_built=\u00bb1&#8243; _builder_version=\u00bb4.16&#8243; background_color=\u00bb#494949&#8243; global_colors_info=\u00bb{}\u00bb][et_pb_row _builder_version=\u00bb4.24.2&#8243; motion_trigger_start=\u00bbtop\u00bb collapsed=\u00bbon\u00bb global_colors_info=\u00bb{}\u00bb][et_pb_column type=\u00bb4_4&#8243; _builder_version=\u00bb4.24.2&#8243; global_colors_info=\u00bb{}\u00bb][et_pb_blurb title=\u00bbReservas\u00bb use_icon=\u00bbon\u00bb font_icon=\u00bb&#xe60f;||divi||400&#8243; icon_color=\u00bb#ffffff\u00bb icon_placement=\u00bbleft\u00bb image_icon_width=\u00bb50px\u00bb _builder_version=\u00bb4.24.2&#8243; header_level=\u00bbh1&#8243; header_text_color=\u00bb#ffffff\u00bb body_font=\u00bb|700|||||||\u00bb body_text_color=\u00bb#000000&#8243; text_orientation=\u00bbcenter\u00bb custom_padding=\u00bb10px|10px|10px|10px|true|true\u00bb border_radii=\u00bbon|10px|10px|10px|10px\u00bb icon_font_size=\u00bb50px\u00bb ab_subject=\u00bbon\u00bb ab_subject_id=\u00bb2&#8243; ab_goal=\u00bbon\u00bb global_colors_info=\u00bb{}\u00bb]<\/p>\n<h4 style=\"text-align: center;\"><span style=\"color: #ffffff;\"><strong>tel\u00e9fono<\/strong><\/span><\/h4>\n<h3 style=\"text-align: center;\"><span style=\"color: #ffffff;\"><strong>\u00a0985 84 91 09<\/strong><\/span><\/h3>\n<p>[\/et_pb_blurb][\/et_pb_column][\/et_pb_row][et_pb_row _builder_version=\u00bb4.17.4&#8243; link_option_url=\u00bb<link href=%22https:\/\/awards.infcdn.net\/rect_v2.css%22 rel=%22stylesheet%22\/>\n<div id=%22rest_v2%22 onclick=%22if(event.target.nodeName.toLowerCase() != 'a') {window.open(this.querySelector('.sq_center').href);return 0;}%22>\n<div class=%22rb_flex rb_top%22> <span class=%22rb_hat%22><\/span> <span class=%22rb_type f12%22>Recomendado<\/span> <\/div>\n<p> <a href=%22https:\/\/es.restaurantguru.com\/El-Molin-de-la-Pedrera-Cangas-de-Onis%22 class=%22rb_center f16%22 data-et-target-link=%22_blank%22>El Mol\u00edn de la Pedrera<\/a> <\/p>\n<div class=%22rb_flex%22> <a href=%22https:\/\/restaurantguru.com%22 class=%22rb_bot%22 data-et-target-link=%22_blank%22>Restaurant Guru<\/a> <\/p>\n<div>2021<\/div>\n<\/p><\/div>\n<\/div>\n<p>\u00bb link_option_url_new_window=\u00bbon\u00bb global_colors_info=\u00bb{}\u00bb][et_pb_column type=\u00bb4_4&#8243; _builder_version=\u00bb4.16&#8243; global_colors_info=\u00bb{}\u00bb][et_pb_text _builder_version=\u00bb4.17.4&#8243; hover_enabled=\u00bb0&#8243; global_colors_info=\u00bb{}\u00bb sticky_enabled=\u00bb0&#8243;]<\/p>\n<p>. Tel\u00e9fono<strong>: 985 84 91 09.<\/strong><\/p>\n<div id=\"TA_certificateOfExcellence647\" class=\"TA_certificateOfExcellence\">\n<ul id=\"x4JhYhBe\" class=\"TA_links 2tnugBvcIb\">\n<li id=\"vEZH96s\" class=\"b74Op6\"><a href=\"https:\/\/www.tripadvisor.es\/Restaurant_Review-g662890-d1064933-Reviews-Restaurant_El_Molin_de_la_Pedrera-Cangas_de_Onis_Asturias.html\" target=\"_blank\" rel=\"noopener\"><img decoding=\"async\" id=\"CDSWIDCOELOGO\" class=\"widCOEImg\" src=\"https:\/\/static.tacdn.com\/img2\/travelers_choice\/widgets\/tchotel_2021_LL.png\" alt=\"TripAdvisor\" \/> <\/a><\/li>\n<\/ul>\n<\/div>\n<p>\n<script async=\"\" src=\"https:\/\/www.jscache.com\/wejs?wtype=certificateOfExcellence&amp;uniq=647&amp;locationId=1064933&amp;lang=es&amp;year=2021&amp;display_version=2\" data-loadtrk=\"\" onload=\"this.loadtrk=true\"><\/script>\n<\/p>\n<p>&nbsp;<\/p>\n<p>[\/et_pb_text][et_pb_image _builder_version=\u00bb4.27.5&#8243; _module_preset=\u00bbdefault\u00bb hover_enabled=\u00bb0&#8243; sticky_enabled=\u00bb0&#8243; title_text=\u00bbActuaciones de Eficiencia energ\u00e9tica financiadas a trav\u00e9s de las ayudas destinadas a la financiaci\u00f3n energ\u00e9tica y econom\u00eda circular de empresas tur\u00edsticas de Prncipado de Asturias\u00bb src=\u00bbhttps:\/\/elmolindelapedrera.com\/wp-content\/uploads\/2026\/01\/IMG_6473.jpeg\u00bb][\/et_pb_image][\/et_pb_column][\/et_pb_row][\/et_pb_section][et_pb_section fb_built=\u00bb1&#8243; admin_label=\u00bbPedidos de comida a domicilio\u00bb _builder_version=\u00bb4.16&#8243; background_color=\u00bb#1f1f1f\u00bb background_position=\u00bbtop_left\u00bb background_blend=\u00bbmultiply\u00bb custom_padding=\u00bb0px|0px|0px|0px\u00bb global_colors_info=\u00bb{}\u00bb][et_pb_row column_structure=\u00bb1_3,1_3,1_3&#8243; use_custom_gutter=\u00bbon\u00bb gutter_width=\u00bb1&#8243; make_equal=\u00bbon\u00bb admin_label=\u00bbComo realizar un pedido para comer en casa\u00bb _builder_version=\u00bb4.24.2&#8243; background_color=\u00bb#5e5e5e\u00bb background_size=\u00bbinitial\u00bb background_position=\u00bbtop_left\u00bb background_repeat=\u00bbrepeat\u00bb custom_padding=\u00bb0px|0px|0px|0px\u00bb animation_style=\u00bbfade\u00bb animation_direction=\u00bbtop\u00bb custom_width_px=\u00bb1280px\u00bb global_colors_info=\u00bb{}\u00bb][et_pb_column type=\u00bb1_3&#8243; _builder_version=\u00bb4.16&#8243; background_color=\u00bb#5e5e5e\u00bb custom_padding=\u00bb48px|24px|48px|24px\u00bb global_colors_info=\u00bb{}\u00bb custom_padding__hover=\u00bb|||\u00bb][et_pb_image src=\u00bbhttps:\/\/elmolindelapedrera.com\/wp-content\/uploads\/2025\/03\/tartadequeso-molindelapedrera-restaurante.jpg\u00bb alt=\u00bbTarta de Queso\u00bb title_text=\u00bbTarta de Queso\u00bb _builder_version=\u00bb4.24.2&#8243; _module_preset=\u00bbdefault\u00bb hover_enabled=\u00bb0&#8243; global_colors_info=\u00bb{}\u00bb sticky_enabled=\u00bb0&#8243;][\/et_pb_image][\/et_pb_column][et_pb_column type=\u00bb1_3&#8243; _builder_version=\u00bb4.17.4&#8243; background_color=\u00bb#5e5e5e\u00bb background_image=\u00bbhttps:\/\/elmolindelapedrera.com\/wp-content\/uploads\/2018\/06\/Restaurante_El_Molin_de_la_Pedrera.jpg\u00bb custom_padding=\u00bb48px|24px|48px|24px\u00bb global_colors_info=\u00bb{}\u00bb custom_padding__hover=\u00bb|||\u00bb][\/et_pb_column][et_pb_column type=\u00bb1_3&#8243; _builder_version=\u00bb4.16&#8243; background_color=\u00bb#5e5e5e\u00bb custom_padding=\u00bb48px|24px|48px|24px\u00bb global_colors_info=\u00bb{}\u00bb custom_padding__hover=\u00bb|||\u00bb][et_pb_blurb use_icon=\u00bbon\u00bb font_icon=\u00bb&#xe60f;||divi||400&#8243; icon_color=\u00bb#ffffff\u00bb icon_placement=\u00bbleft\u00bb image_icon_width=\u00bb50px\u00bb _builder_version=\u00bb4.24.2&#8243; header_level=\u00bbh1&#8243; header_text_color=\u00bb#ffffff\u00bb body_font=\u00bb|700|||||||\u00bb body_text_color=\u00bb#000000&#8243; text_orientation=\u00bbcenter\u00bb custom_padding=\u00bb10px|10px|10px|10px|true|true\u00bb border_radii=\u00bbon|10px|10px|10px|10px\u00bb icon_font_size=\u00bb50px\u00bb ab_subject=\u00bbon\u00bb ab_subject_id=\u00bb1&#8243; ab_goal=\u00bbon\u00bb global_colors_info=\u00bb{}\u00bb]<\/p>\n<h4 style=\"text-align: center;\"><span style=\"color: #ffffff;\"><strong>tel\u00e9fono<\/strong><\/span><\/h4>\n<h3 style=\"text-align: center;\"><span style=\"color: #ffffff;\"><strong>\u00a0985 84 91 09<\/strong><\/span><\/h3>\n<p>[\/et_pb_blurb][et_pb_image src=\u00bbhttps:\/\/elmolindelapedrera.com\/wp-content\/uploads\/2025\/05\/PHOTO-2025-05-03-05-55-46.jpeg\u00bb alt=\u00bbLomo de Pix\u00edn a la brasa\u00bb title_text=\u00bbPix\u00edn a la brasa Restaurante El Mol\u00edn de la Pedrera\u00bb _builder_version=\u00bb4.24.2&#8243; _module_preset=\u00bbdefault\u00bb background_enable_image=\u00bboff\u00bb hover_enabled=\u00bb0&#8243; global_colors_info=\u00bb{}\u00bb sticky_enabled=\u00bb0&#8243;][\/et_pb_image][\/et_pb_column][\/et_pb_row][\/et_pb_section][et_pb_section fb_built=\u00bb1&#8243; _builder_version=\u00bb4.16&#8243; global_colors_info=\u00bb{}\u00bb][et_pb_row _builder_version=\u00bb4.16&#8243; global_colors_info=\u00bb{}\u00bb][et_pb_column type=\u00bb4_4&#8243; _builder_version=\u00bb4.16&#8243; global_colors_info=\u00bb{}\u00bb][et_pb_text disabled_on=\u00bbon|on|off\u00bb _builder_version=\u00bb4.16&#8243; text_font=\u00bb||||\u00bb text_text_color=\u00bb#1f1f1f\u00bb header_font=\u00bbPlayfair Display||||\u00bb header_text_color=\u00bb#1f1f1f\u00bb header_font_size=\u00bb48px\u00bb header_line_height=\u00bb1.3em\u00bb background_size=\u00bbinitial\u00bb background_position=\u00bbtop_left\u00bb background_repeat=\u00bbrepeat\u00bb global_colors_info=\u00bb{}\u00bb]<\/p>\n<h1 style=\"text-align: center;\">Comida del Mol\u00edn\u00a0<\/h1>\n<p>[\/et_pb_text][et_pb_text disabled_on=\u00bbon|on|off\u00bb _builder_version=\u00bb4.16&#8243; text_font=\u00bbMontserrat||||||||\u00bb text_text_color=\u00bb#1f1f1f\u00bb text_font_size=\u00bb17px\u00bb text_line_height=\u00bb1.8em\u00bb header_font=\u00bbPlayfair Display||||\u00bb header_text_color=\u00bb#1f1f1f\u00bb header_font_size=\u00bb48px\u00bb header_line_height=\u00bb1.3em\u00bb background_size=\u00bbinitial\u00bb background_position=\u00bbtop_left\u00bb background_repeat=\u00bbrepeat\u00bb global_colors_info=\u00bb{}\u00bb]<\/p>\n<p style=\"text-align: justify;\">Nuestra intenci\u00f3n es elaborar comida saludable y trabajar en todo lo posible con producto local. Contribuyendo as\u00ed con la econom\u00eda de nuestro concejo.<br \/> Ofreceremos platos cl\u00e1sicos de nuestra casa y\u00a0 otros que elaboraremos diariamente, adaptados al transporte, al mercado y a las diferentes necesidades de las familias. Como siempre, estaremos atentos a las sugerencias de nuestros clientes y colaboradores, para adaptarnos mejor y m\u00e1s r\u00e1pidamente al nuevo servicio.<\/p>\n<p>[\/et_pb_text][\/et_pb_column][\/et_pb_row][\/et_pb_section][et_pb_section fb_built=\u00bb1&#8243; _builder_version=\u00bb4.16&#8243; background_color=\u00bb#ededed\u00bb global_colors_info=\u00bb{}\u00bb][et_pb_row _builder_version=\u00bb4.16&#8243; _module_preset=\u00bbdefault\u00bb global_colors_info=\u00bb{}\u00bb][et_pb_column type=\u00bb4_4&#8243; _builder_version=\u00bb4.16&#8243; _module_preset=\u00bbdefault\u00bb global_colors_info=\u00bb{}\u00bb][et_pb_code _builder_version=\u00bb4.16&#8243; _module_preset=\u00bbdefault\u00bb global_colors_info=\u00bb{}\u00bb]<link href=\"https:\/\/awards.infcdn.net\/rect_v2.css\" rel=\"stylesheet\"\/>\n<div id=\"rest_v2\" onclick=\"if(event.target.nodeName.toLowerCase() != 'a') {window.open(this.querySelector('.sq_center').href);return 0;}\">\n<div class=\"rb_flex rb_top\"> <span class=\"rb_hat\"><\/span> <span class=\"rb_type f12\">Recomendado<\/span> <\/div>\n<p> <a href=\"https:\/\/es.restaurantguru.com\/El-Molin-de-la-Pedrera-Cangas-de-Onis\" class=\"rb_center f16\" target=\"_blank\" rel=\"noopener\">El Mol\u00edn de la Pedrera<\/a> <\/p>\n<div class=\"rb_flex\"> <a href=\"https:\/\/restaurantguru.com\" class=\"rb_bot\" target=\"_blank\" rel=\"noopener\">Restaurant Guru<\/a> <\/p>\n<div>2021<\/div>\n<\/p><\/div>\n<\/div>\n<p>[\/et_pb_code][\/et_pb_column][\/et_pb_row][\/et_pb_section][et_pb_section fb_built=\u00bb1&#8243; admin_label=\u00bbContacta con nosotros\u00bb _builder_version=\u00bb4.16&#8243; background_color=\u00bbrgba(0,0,0,0.75)\u00bb background_image=\u00bbhttps:\/\/elmolindelapedrera.com\/wp-content\/uploads\/2018\/04\/IMG_8718-e1524757378214.jpg\u00bb background_blend=\u00bbcolor\u00bb custom_padding=\u00bb100px|0px|100px|0px\u00bb collapsed=\u00bboff\u00bb global_colors_info=\u00bb{}\u00bb][et_pb_row column_structure=\u00bb1_2,1_2&#8243; make_equal=\u00bbon\u00bb _builder_version=\u00bb4.21.0&#8243; background_color=\u00bbrgba(73,73,73,0.5)\u00bb background_size=\u00bbinitial\u00bb background_position=\u00bbtop_left\u00bb background_repeat=\u00bbrepeat\u00bb max_width=\u00bb1280px\u00bb custom_margin=\u00bb|||\u00bb custom_padding=\u00bb|||\u00bb use_custom_width=\u00bbon\u00bb custom_width_px=\u00bb1280px\u00bb global_colors_info=\u00bb{}\u00bb][et_pb_column type=\u00bb1_2&#8243; _builder_version=\u00bb4.16&#8243; custom_padding=\u00bb100px|5%|100px|5%\u00bb global_colors_info=\u00bb{}\u00bb custom_padding__hover=\u00bb|||\u00bb][et_pb_text admin_label=\u00bbTexto\u00bb _builder_version=\u00bb4.16&#8243; text_font=\u00bbPlayfair Display||||\u00bb text_text_color=\u00bb#ffffff\u00bb text_font_size=\u00bb30px\u00bb text_line_height=\u00bb1.3em\u00bb background_size=\u00bbinitial\u00bb background_position=\u00bbtop_left\u00bb background_repeat=\u00bbrepeat\u00bb text_orientation=\u00bbcenter\u00bb max_width=\u00bb400px\u00bb module_alignment=\u00bbcenter\u00bb custom_padding=\u00bb||30px|\u00bb global_colors_info=\u00bb{}\u00bb]<span style=\"color: #ff9900;\">Horarios<\/span>[\/et_pb_text][et_pb_text admin_label=\u00bbTexto\u00bb _builder_version=\u00bb4.17.4&#8243; text_font=\u00bbMontserrat||||\u00bb text_text_color=\u00bb#ffffff\u00bb text_font_size=\u00bb15px\u00bb text_letter_spacing=\u00bb1px\u00bb text_line_height=\u00bb1.9em\u00bb background_size=\u00bbinitial\u00bb background_position=\u00bbtop_left\u00bb background_repeat=\u00bbrepeat\u00bb text_orientation=\u00bbcenter\u00bb module_alignment=\u00bbcenter\u00bb custom_margin=\u00bb12px||12px|\u00bb animation_style=\u00bbzoom\u00bb animation_intensity_zoom=\u00bb20%\u00bb global_colors_info=\u00bb{}\u00bb]<\/p>\n<p>Servicio de cenas y comidas.<\/p>\n<p>[\/et_pb_text][et_pb_divider show_divider=\u00bboff\u00bb disabled_on=\u00bbon|on|off\u00bb _builder_version=\u00bb4.16&#8243; max_width=\u00bb400px\u00bb module_alignment=\u00bbcenter\u00bb height=\u00bb2px\u00bb custom_margin=\u00bb||0px|\u00bb custom_padding=\u00bb|||\u00bb animation_style=\u00bbzoom\u00bb animation_intensity_zoom=\u00bb20%\u00bb global_colors_info=\u00bb{}\u00bb][\/et_pb_divider][et_pb_divider show_divider=\u00bboff\u00bb disabled_on=\u00bbon|on|off\u00bb _builder_version=\u00bb4.16&#8243; max_width=\u00bb400px\u00bb module_alignment=\u00bbcenter\u00bb height=\u00bb2px\u00bb custom_margin=\u00bb||0px|\u00bb custom_padding=\u00bb|||\u00bb animation_style=\u00bbzoom\u00bb animation_intensity_zoom=\u00bb20%\u00bb locked=\u00bboff\u00bb global_colors_info=\u00bb{}\u00bb][\/et_pb_divider][et_pb_text _builder_version=\u00bb4.24.2&#8243; text_font=\u00bbMontserrat||||\u00bb text_text_color=\u00bb#ffffff\u00bb text_font_size=\u00bb15px\u00bb text_letter_spacing=\u00bb1px\u00bb text_line_height=\u00bb1.9em\u00bb background_size=\u00bbinitial\u00bb background_position=\u00bbtop_left\u00bb background_repeat=\u00bbrepeat\u00bb text_orientation=\u00bbcenter\u00bb module_alignment=\u00bbcenter\u00bb custom_margin=\u00bb12px||12px|\u00bb animation_style=\u00bbzoom\u00bb animation_intensity_zoom=\u00bb20%\u00bb locked=\u00bboff\u00bb global_colors_info=\u00bb{}\u00bb]<\/p>\n<p><span style=\"color: #ff9900;\"><span style=\"font-size: 15px;\"><b>Cerrado por descanso Martes y\u00a0 Mi\u00e9rcoles. CENAS s\u00f3lo Viernes y S\u00e1bados<\/b><\/span><\/span><\/p>\n<p>[\/et_pb_text][et_pb_divider show_divider=\u00bboff\u00bb _builder_version=\u00bb4.16&#8243; global_colors_info=\u00bb{}\u00bb][\/et_pb_divider][et_pb_text admin_label=\u00bbTexto\u00bb _builder_version=\u00bb4.16&#8243; text_font=\u00bbMontserrat||||\u00bb text_text_color=\u00bb#ffffff\u00bb text_font_size=\u00bb15px\u00bb text_letter_spacing=\u00bb1px\u00bb text_line_height=\u00bb1.9em\u00bb background_size=\u00bbinitial\u00bb background_position=\u00bbtop_left\u00bb background_repeat=\u00bbrepeat\u00bb text_orientation=\u00bbcenter\u00bb background_layout=\u00bbdark\u00bb module_alignment=\u00bbcenter\u00bb custom_margin=\u00bb12px||12px|\u00bb animation_style=\u00bbzoom\u00bb animation_intensity_zoom=\u00bb20%\u00bb global_colors_info=\u00bb{}\u00bb]<\/p>\n<p><strong><span style=\"color: #ff9900;\">Consultas y reservas<\/span><br \/><\/strong><span style=\"font-size: 15px;\">985849109<br <\/p>\n<p>[\/et_pb_text][\/et_pb_column][et_pb_column type=\u00bb1_2&#8243; _builder_version=\u00bb4.16&#8243; custom_padding=\u00bb100px|5%|100px|5%\u00bb global_colors_info=\u00bb{}\u00bb custom_padding__hover=\u00bb|||\u00bb][\/et_pb_column][\/et_pb_row][\/et_pb_section]<\/p>\n","protected":false},"excerpt":{"rendered":"<p>Restaurante El Mol\u00edn de la Pedrera en el centro de Cangas de On\u00eds. Cocina asturiana con productos de cercan\u00eda y calidad.<\/p>\n","protected":false},"author":1,"featured_media":789,"parent":0,"menu_order":0,"comment_status":"closed","ping_status":"closed","template":"","meta":{"_et_pb_use_builder":"on","_et_pb_old_content":"","_et_gb_content_width":"","footnotes":""},"_links":{"self":[{"href":"https:\/\/elmolindelapedrera.com\/index.php\/wp-json\/wp\/v2\/pages\/628"}],"collection":[{"href":"https:\/\/elmolindelapedrera.com\/index.php\/wp-json\/wp\/v2\/pages"}],"about":[{"href":"https:\/\/elmolindelapedrera.com\/index.php\/wp-json\/wp\/v2\/types\/page"}],"author":[{"embeddable":true,"href":"https:\/\/elmolindelapedrera.com\/index.php\/wp-json\/wp\/v2\/users\/1"}],"replies":[{"embeddable":true,"href":"https:\/\/elmolindelapedrera.com\/index.php\/wp-json\/wp\/v2\/comments?post=628"}],"version-history":[{"count":802,"href":"https:\/\/elmolindelapedrera.com\/index.php\/wp-json\/wp\/v2\/pages\/628\/revisions"}],"predecessor-version":[{"id":3950,"href":"https:\/\/elmolindelapedrera.com\/index.php\/wp-json\/wp\/v2\/pages\/628\/revisions\/3950"}],"wp:featuredmedia":[{"embeddable":true,"href":"https:\/\/elmolindelapedrera.com\/index.php\/wp-json\/wp\/v2\/media\/789"}],"wp:attachment":[{"href":"https:\/\/elmolindelapedrera.com\/index.php\/wp-json\/wp\/v2\/media?parent=628"}],"curies":[{"name":"wp","href":"https:\/\/api.w.org\/{rel}","templated":true}]}}